{"id":1152,"date":"2022-08-10T09:39:00","date_gmt":"2022-08-10T09:39:00","guid":{"rendered":"https:\/\/nocheinvestigadoresuex.es\/2023\/?page_id=1152"},"modified":"2022-08-10T09:54:14","modified_gmt":"2022-08-10T09:54:14","slug":"rincon-europeo","status":"publish","type":"page","link":"https:\/\/nocheinvestigadoresuex.es\/2023\/rincon-europeo\/","title":{"rendered":"Rinc\u00f3n Europeo"},"content":{"rendered":"\t\t<div data-elementor-type=\"wp-page\" data-elementor-id=\"1152\" class=\"elementor elementor-1152\" data-elementor-post-type=\"page\">\n\t\t\t\t\t\t<section class=\"elementor-section elementor-top-section elementor-element elementor-element-7346ca1 elementor-section-boxed elementor-section-height-default elementor-section-height-default\" data-id=\"7346ca1\" data-element_type=\"section\" data-e-type=\"section\">\n\t\t\t\t\t\t<div class=\"elementor-container elementor-column-gap-default\">\n\t\t\t\t\t<div class=\"elementor-column elementor-col-100 elementor-top-column elementor-element elementor-element-7d0e24a\" data-id=\"7d0e24a\" data-element_type=\"column\" data-e-type=\"column\">\n\t\t\t<div class=\"elementor-widget-wrap elementor-element-populated\">\n\t\t\t\t\t\t<div class=\"elementor-element elementor-element-0a50450 elementor-widget elementor-widget-spacer\" data-id=\"0a50450\" data-element_type=\"widget\" data-e-type=\"widget\" data-widget_type=\"spacer.default\">\n\t\t\t\t<div class=\"elementor-widget-container\">\n\t\t\t\t\t\t\t<div class=\"elementor-spacer\">\n\t\t\t<div class=\"elementor-spacer-inner\"><\/div>\n\t\t<\/div>\n\t\t\t\t\t\t<\/div>\n\t\t\t\t<\/div>\n\t\t\t\t<div class=\"elementor-element elementor-element-651324b elementor-widget elementor-widget-heading\" data-id=\"651324b\" data-element_type=\"widget\" data-e-type=\"widget\" data-widget_type=\"heading.default\">\n\t\t\t\t<div class=\"elementor-widget-container\">\n\t\t\t\t\t<h1 class=\"elementor-heading-title elementor-size-default\">Ric\u00f3n Europeo<\/h1>\t\t\t\t<\/div>\n\t\t\t\t<\/div>\n\t\t\t\t<div class=\"elementor-element elementor-element-c877908 elementor-widget elementor-widget-text-editor\" data-id=\"c877908\" data-element_type=\"widget\" data-e-type=\"widget\" data-widget_type=\"text-editor.default\">\n\t\t\t\t<div class=\"elementor-widget-container\">\n\t\t\t\t\t\t\t\t\t<p class=\"tbk__subtitle\">La Universidad de Extremadura tiene entre sus objetivos promover la participaci\u00f3n de profesores e investigadores en proyectos de investigaci\u00f3n financiados por entidades europeas; una magn\u00edfica oportunidad para intercambiar conocimientos y hacer m\u00e1s visible su excelencia y acad\u00e9mica y cient\u00edfica.<br \/>En este video realizado con la colaboraci\u00f3n de la Oficina de Proyectos Europeos y la Unidad de Proyectos del Secretariado de Relaciones Internacionales, mostramos las experiencias y recomendaciones de investigadores e investigadoras de la UEx que participan en proyectos europeos.<br \/>Os invitamos a visitar tambi\u00e9n el Rinc\u00f3n Europeo en la web del consorcio S-TEAM en el que participa la UEX con m\u00e1s informaci\u00f3n y juegos.<\/p>\t\t\t\t\t\t\t\t<\/div>\n\t\t\t\t<\/div>\n\t\t\t\t<div class=\"elementor-element elementor-element-7127d35 elementor-widget elementor-widget-video\" data-id=\"7127d35\" data-element_type=\"widget\" data-e-type=\"widget\" data-settings=\"{&quot;youtube_url&quot;:&quot;https:\\\/\\\/www.youtube.com\\\/watch?v=EGC9-dfcJto&quot;,&quot;video_type&quot;:&quot;youtube&quot;,&quot;controls&quot;:&quot;yes&quot;}\" data-widget_type=\"video.default\">\n\t\t\t\t<div class=\"elementor-widget-container\">\n\t\t\t\t\t\t\t<div class=\"elementor-wrapper elementor-open-inline\">\n\t\t\t<div class=\"elementor-video\"><\/div>\t\t<\/div>\n\t\t\t\t\t\t<\/div>\n\t\t\t\t<\/div>\n\t\t\t\t<div class=\"elementor-element elementor-element-04bd80b elementor-widget elementor-widget-spacer\" data-id=\"04bd80b\" data-element_type=\"widget\" data-e-type=\"widget\" data-widget_type=\"spacer.default\">\n\t\t\t\t<div class=\"elementor-widget-container\">\n\t\t\t\t\t\t\t<div class=\"elementor-spacer\">\n\t\t\t<div class=\"elementor-spacer-inner\"><\/div>\n\t\t<\/div>\n\t\t\t\t\t\t<\/div>\n\t\t\t\t<\/div>\n\t\t\t\t\t<\/div>\n\t\t<\/div>\n\t\t\t\t\t<\/div>\n\t\t<\/section>\n\t\t\t\t<\/div>\n\t\t","protected":false},"excerpt":{"rendered":"<p>Ric\u00f3n Europeo La Universidad de Extremadura tiene entre sus objetivos promover la participaci\u00f3n de profesores e investigadores en proyectos de investigaci\u00f3n financiados por entidades europeas; una magn\u00edfica oportunidad para intercambiar conocimientos y hacer m\u00e1s visible su excelencia y acad\u00e9mica y cient\u00edfica.En este video realizado con la colaboraci\u00f3n de la Oficina de Proyectos Europeos y la [&hellip;]<\/p>\n","protected":false},"author":1,"featured_media":0,"parent":0,"menu_order":0,"comment_status":"closed","ping_status":"closed","template":"","meta":{"site-sidebar-layout":"no-sidebar","site-content-layout":"page-builder","ast-site-content-layout":"default","site-content-style":"default","site-sidebar-style":"default","ast-global-header-display":"","ast-banner-title-visibility":"","ast-main-header-display":"","ast-hfb-above-header-display":"","ast-hfb-below-header-display":"","ast-hfb-mobile-header-display":"","site-post-title":"disabled","ast-breadcrumbs-content":"","ast-featured-img":"disabled","footer-sml-layout":"","ast-disable-related-posts":"","theme-transparent-header-meta":"","adv-header-id-meta":"","stick-header-meta":"","header-above-stick-meta":"","header-main-stick-meta":"","header-below-stick-meta":"","astra-migrate-meta-layouts":"default","ast-page-background-enabled":"default","ast-page-background-meta":{"desktop":{"background-color":"var(--ast-global-color-4)","background-image":"","background-repeat":"repeat","background-position":"center center","background-size":"auto","background-attachment":"scroll","background-type":"","background-media":"","overlay-type":"","overlay-color":"","overlay-opacity":"","overlay-gradient":""},"tablet":{"background-color":"","background-image":"","background-repeat":"repeat","background-position":"center center","background-size":"auto","background-attachment":"scroll","background-type":"","background-media":"","overlay-type":"","overlay-color":"","overlay-opacity":"","overlay-gradient":""},"mobile":{"background-color":"","background-image":"","background-repeat":"repeat","background-position":"center center","background-size":"auto","background-attachment":"scroll","background-type":"","background-media":"","overlay-type":"","overlay-color":"","overlay-opacity":"","overlay-gradient":""}},"ast-content-background-meta":{"desktop":{"background-color":"var(--ast-global-color-5)","background-image":"","background-repeat":"repeat","background-position":"center center","background-size":"auto","background-attachment":"scroll","background-type":"","background-media":"","overlay-type":"","overlay-color":"","overlay-opacity":"","overlay-gradient":""},"tablet":{"background-color":"var(--ast-global-color-5)","background-image":"","background-repeat":"repeat","background-position":"center center","background-size":"auto","background-attachment":"scroll","background-type":"","background-media":"","overlay-type":"","overlay-color":"","overlay-opacity":"","overlay-gradient":""},"mobile":{"background-color":"var(--ast-global-color-5)","background-image":"","background-repeat":"repeat","background-position":"center center","background-size":"auto","background-attachment":"scroll","background-type":"","background-media":"","overlay-type":"","overlay-color":"","overlay-opacity":"","overlay-gradient":""}},"footnotes":""},"class_list":["post-1152","page","type-page","status-publish","hentry"],"yoast_head":"<!-- This site is optimized with the Yoast SEO plugin v27.3 - https:\/\/yoast.com\/product\/yoast-seo-wordpress\/ -->\n<title>Rinc\u00f3n Europeo - La Noche Europea De Los Investigadores Y Las Investigadoras 2022<\/title>\n<meta name=\"robots\" content=\"index, follow, max-snippet:-1, max-image-preview:large, max-video-preview:-1\" \/>\n<link rel=\"canonical\" href=\"https:\/\/nocheinvestigadoresuex.es\/2023\/rincon-europeo\/\" \/>\n<meta property=\"og:locale\" content=\"es_ES\" \/>\n<meta property=\"og:type\" content=\"article\" \/>\n<meta property=\"og:title\" content=\"Rinc\u00f3n Europeo - La Noche Europea De Los Investigadores Y Las Investigadoras 2022\" \/>\n<meta property=\"og:description\" content=\"Ric\u00f3n Europeo La Universidad de Extremadura tiene entre sus objetivos promover la participaci\u00f3n de profesores e investigadores en proyectos de investigaci\u00f3n financiados por entidades europeas; una magn\u00edfica oportunidad para intercambiar conocimientos y hacer m\u00e1s visible su excelencia y acad\u00e9mica y cient\u00edfica.En este video realizado con la colaboraci\u00f3n de la Oficina de Proyectos Europeos y la [&hellip;]\" \/>\n<meta property=\"og:url\" content=\"https:\/\/nocheinvestigadoresuex.es\/2023\/rincon-europeo\/\" \/>\n<meta property=\"og:site_name\" content=\"La Noche Europea De Los Investigadores Y Las Investigadoras 2022\" \/>\n<meta property=\"article:modified_time\" content=\"2022-08-10T09:54:14+00:00\" \/>\n<meta name=\"twitter:card\" content=\"summary_large_image\" \/>\n<meta name=\"twitter:label1\" content=\"Tiempo de lectura\" \/>\n\t<meta name=\"twitter:data1\" content=\"1 minuto\" \/>\n<script type=\"application\/ld+json\" class=\"yoast-schema-graph\">{\"@context\":\"https:\\\/\\\/schema.org\",\"@graph\":[{\"@type\":\"WebPage\",\"@id\":\"https:\\\/\\\/nocheinvestigadoresuex.es\\\/2023\\\/rincon-europeo\\\/\",\"url\":\"https:\\\/\\\/nocheinvestigadoresuex.es\\\/2023\\\/rincon-europeo\\\/\",\"name\":\"Rinc\u00f3n Europeo - La Noche Europea De Los Investigadores Y Las Investigadoras 2022\",\"isPartOf\":{\"@id\":\"https:\\\/\\\/nocheinvestigadoresuex.es\\\/2023\\\/#website\"},\"datePublished\":\"2022-08-10T09:39:00+00:00\",\"dateModified\":\"2022-08-10T09:54:14+00:00\",\"breadcrumb\":{\"@id\":\"https:\\\/\\\/nocheinvestigadoresuex.es\\\/2023\\\/rincon-europeo\\\/#breadcrumb\"},\"inLanguage\":\"es\",\"potentialAction\":[{\"@type\":\"ReadAction\",\"target\":[\"https:\\\/\\\/nocheinvestigadoresuex.es\\\/2023\\\/rincon-europeo\\\/\"]}]},{\"@type\":\"BreadcrumbList\",\"@id\":\"https:\\\/\\\/nocheinvestigadoresuex.es\\\/2023\\\/rincon-europeo\\\/#breadcrumb\",\"itemListElement\":[{\"@type\":\"ListItem\",\"position\":1,\"name\":\"Portada\",\"item\":\"https:\\\/\\\/nocheinvestigadoresuex.es\\\/2023\\\/\"},{\"@type\":\"ListItem\",\"position\":2,\"name\":\"Rinc\u00f3n Europeo\"}]},{\"@type\":\"WebSite\",\"@id\":\"https:\\\/\\\/nocheinvestigadoresuex.es\\\/2023\\\/#website\",\"url\":\"https:\\\/\\\/nocheinvestigadoresuex.es\\\/2023\\\/\",\"name\":\"La Noche Europea De Los Investigadores Y Las Investigadoras 2022\",\"description\":\"Noche Europea de los Investigadores e Investigadoras. Descubre la programaci\u00f3n\",\"publisher\":{\"@id\":\"https:\\\/\\\/nocheinvestigadoresuex.es\\\/2023\\\/#organization\"},\"potentialAction\":[{\"@type\":\"SearchAction\",\"target\":{\"@type\":\"EntryPoint\",\"urlTemplate\":\"https:\\\/\\\/nocheinvestigadoresuex.es\\\/2023\\\/?s={search_term_string}\"},\"query-input\":{\"@type\":\"PropertyValueSpecification\",\"valueRequired\":true,\"valueName\":\"search_term_string\"}}],\"inLanguage\":\"es\"},{\"@type\":\"Organization\",\"@id\":\"https:\\\/\\\/nocheinvestigadoresuex.es\\\/2023\\\/#organization\",\"name\":\"La Noche Europea De Los Investigadores Y Las Investigadoras 2022\",\"url\":\"https:\\\/\\\/nocheinvestigadoresuex.es\\\/2023\\\/\",\"logo\":{\"@type\":\"ImageObject\",\"inLanguage\":\"es\",\"@id\":\"https:\\\/\\\/nocheinvestigadoresuex.es\\\/2023\\\/#\\\/schema\\\/logo\\\/image\\\/\",\"url\":\"https:\\\/\\\/nocheinvestigadoresuex.es\\\/2023\\\/wp-content\\\/uploads\\\/2023\\\/09\\\/Logo-grupo.png\",\"contentUrl\":\"https:\\\/\\\/nocheinvestigadoresuex.es\\\/2023\\\/wp-content\\\/uploads\\\/2023\\\/09\\\/Logo-grupo.png\",\"width\":1119,\"height\":270,\"caption\":\"La Noche Europea De Los Investigadores Y Las Investigadoras 2022\"},\"image\":{\"@id\":\"https:\\\/\\\/nocheinvestigadoresuex.es\\\/2023\\\/#\\\/schema\\\/logo\\\/image\\\/\"}}]}<\/script>\n<!-- \/ Yoast SEO plugin. -->","yoast_head_json":{"title":"Rinc\u00f3n Europeo - La Noche Europea De Los Investigadores Y Las Investigadoras 2022","robots":{"index":"index","follow":"follow","max-snippet":"max-snippet:-1","max-image-preview":"max-image-preview:large","max-video-preview":"max-video-preview:-1"},"canonical":"https:\/\/nocheinvestigadoresuex.es\/2023\/rincon-europeo\/","og_locale":"es_ES","og_type":"article","og_title":"Rinc\u00f3n Europeo - La Noche Europea De Los Investigadores Y Las Investigadoras 2022","og_description":"Ric\u00f3n Europeo La Universidad de Extremadura tiene entre sus objetivos promover la participaci\u00f3n de profesores e investigadores en proyectos de investigaci\u00f3n financiados por entidades europeas; una magn\u00edfica oportunidad para intercambiar conocimientos y hacer m\u00e1s visible su excelencia y acad\u00e9mica y cient\u00edfica.En este video realizado con la colaboraci\u00f3n de la Oficina de Proyectos Europeos y la [&hellip;]","og_url":"https:\/\/nocheinvestigadoresuex.es\/2023\/rincon-europeo\/","og_site_name":"La Noche Europea De Los Investigadores Y Las Investigadoras 2022","article_modified_time":"2022-08-10T09:54:14+00:00","twitter_card":"summary_large_image","twitter_misc":{"Tiempo de lectura":"1 minuto"},"schema":{"@context":"https:\/\/schema.org","@graph":[{"@type":"WebPage","@id":"https:\/\/nocheinvestigadoresuex.es\/2023\/rincon-europeo\/","url":"https:\/\/nocheinvestigadoresuex.es\/2023\/rincon-europeo\/","name":"Rinc\u00f3n Europeo - La Noche Europea De Los Investigadores Y Las Investigadoras 2022","isPartOf":{"@id":"https:\/\/nocheinvestigadoresuex.es\/2023\/#website"},"datePublished":"2022-08-10T09:39:00+00:00","dateModified":"2022-08-10T09:54:14+00:00","breadcrumb":{"@id":"https:\/\/nocheinvestigadoresuex.es\/2023\/rincon-europeo\/#breadcrumb"},"inLanguage":"es","potentialAction":[{"@type":"ReadAction","target":["https:\/\/nocheinvestigadoresuex.es\/2023\/rincon-europeo\/"]}]},{"@type":"BreadcrumbList","@id":"https:\/\/nocheinvestigadoresuex.es\/2023\/rincon-europeo\/#breadcrumb","itemListElement":[{"@type":"ListItem","position":1,"name":"Portada","item":"https:\/\/nocheinvestigadoresuex.es\/2023\/"},{"@type":"ListItem","position":2,"name":"Rinc\u00f3n Europeo"}]},{"@type":"WebSite","@id":"https:\/\/nocheinvestigadoresuex.es\/2023\/#website","url":"https:\/\/nocheinvestigadoresuex.es\/2023\/","name":"La Noche Europea De Los Investigadores Y Las Investigadoras 2022","description":"Noche Europea de los Investigadores e Investigadoras. Descubre la programaci\u00f3n","publisher":{"@id":"https:\/\/nocheinvestigadoresuex.es\/2023\/#organization"},"potentialAction":[{"@type":"SearchAction","target":{"@type":"EntryPoint","urlTemplate":"https:\/\/nocheinvestigadoresuex.es\/2023\/?s={search_term_string}"},"query-input":{"@type":"PropertyValueSpecification","valueRequired":true,"valueName":"search_term_string"}}],"inLanguage":"es"},{"@type":"Organization","@id":"https:\/\/nocheinvestigadoresuex.es\/2023\/#organization","name":"La Noche Europea De Los Investigadores Y Las Investigadoras 2022","url":"https:\/\/nocheinvestigadoresuex.es\/2023\/","logo":{"@type":"ImageObject","inLanguage":"es","@id":"https:\/\/nocheinvestigadoresuex.es\/2023\/#\/schema\/logo\/image\/","url":"https:\/\/nocheinvestigadoresuex.es\/2023\/wp-content\/uploads\/2023\/09\/Logo-grupo.png","contentUrl":"https:\/\/nocheinvestigadoresuex.es\/2023\/wp-content\/uploads\/2023\/09\/Logo-grupo.png","width":1119,"height":270,"caption":"La Noche Europea De Los Investigadores Y Las Investigadoras 2022"},"image":{"@id":"https:\/\/nocheinvestigadoresuex.es\/2023\/#\/schema\/logo\/image\/"}}]}},"_links":{"self":[{"href":"https:\/\/nocheinvestigadoresuex.es\/2023\/wp-json\/wp\/v2\/pages\/1152","targetHints":{"allow":["GET"]}}],"collection":[{"href":"https:\/\/nocheinvestigadoresuex.es\/2023\/wp-json\/wp\/v2\/pages"}],"about":[{"href":"https:\/\/nocheinvestigadoresuex.es\/2023\/wp-json\/wp\/v2\/types\/page"}],"author":[{"embeddable":true,"href":"https:\/\/nocheinvestigadoresuex.es\/2023\/wp-json\/wp\/v2\/users\/1"}],"replies":[{"embeddable":true,"href":"https:\/\/nocheinvestigadoresuex.es\/2023\/wp-json\/wp\/v2\/comments?post=1152"}],"version-history":[{"count":0,"href":"https:\/\/nocheinvestigadoresuex.es\/2023\/wp-json\/wp\/v2\/pages\/1152\/revisions"}],"wp:attachment":[{"href":"https:\/\/nocheinvestigadoresuex.es\/2023\/wp-json\/wp\/v2\/media?parent=1152"}],"curies":[{"name":"wp","href":"https:\/\/api.w.org\/{rel}","templated":true}]}}